{"id":164,"date":"2019-11-20T21:22:17","date_gmt":"2019-11-20T21:22:17","guid":{"rendered":"https:\/\/spn320.mirzamperez.sites.grinnell.edu\/fall-2019\/?page_id=164"},"modified":"2019-12-16T20:17:45","modified_gmt":"2019-12-16T20:17:45","slug":"ile","status":"publish","type":"page","link":"https:\/\/spn320.mirzamperez.sites.grinnell.edu\/fall-2019\/ile\/","title":{"rendered":"\u00bfQui\u00e9n es iLe?"},"content":{"rendered":"<h1><\/h1>\n<h1><img fetchpriority=\"high\" decoding=\"async\" class=\"alignright\" src=\"https:\/\/spn320.mirzamperez.sites.grinnell.edu\/fall-2019\/wp-content\/uploads\/2019\/12\/ile-1-233x300.jpg\" alt=\"\" width=\"226\" height=\"291\" \/><\/h1>\n<blockquote>\n<h1 style=\"text-align: right;\"><span style=\"color: #ff00ff;\"><strong>Conoces a Calle 13. Conoces a Residente. Conoces a Visitante. <\/strong><\/span><strong><span style=\"color: #ff00ff;\">Pero no conoces toda la historia<\/span>.<\/strong><\/h1>\n<\/blockquote>\n<p>Ileana Cabra, conocida como \u201ciLe\u201d, es una vocalista y compositora puertorrique\u00f1a que pas\u00f3 los primeros 10 a\u00f1os de su carrera formando parte del grupo musical Calle 13. Ella es la hermana del productor del grupo, Eduardo Cabra o \u201cVisitante\u201d, y hermanastra de rapero Ren\u00e9 P\u00e9rez o \u201cResidente\u201d. Su rol dentro del grupo fue lo que inspir\u00f3 su carrera musical individual que explot\u00f3 en 2016 con su primer \u00e1lbum<em> iLevitable<\/em>, el cual tuvo la participaci\u00f3n y colaboraci\u00f3n de sus dos hermanos. En nuestro proyecto original, hemos establecido qu\u00e9, al transcurso de la carrera musical de Calle 13, sus mensajes pol\u00edticos o cr\u00edticos de la sociedad y sus problemas son varios. En el contexto de sus \u00e1lbumes, Calle 13 ha comunicado algunas cr\u00edticas de problemas como el capitalismo, la pobreza, y el estado del gobierno. Entre esos mensajes, Calle 13 tambi\u00e9n ha producido sus opiniones y posiciones sobre estos temas por medio de su letra y sus representaciones audiovisuales. Porque iLe formo una parte tan intima del grupo y sus hermanos han tenido gran influencia en su m\u00fasica personal, yo he concluido que, de alguna forma, ella ha sido formada como artista por ser parte de Calle 13. Pienso que sus letras y canciones demostraran un efecto duradero de su tiempo con Calle 13 que sigue teniendo influencia en c\u00f3mo se interpreta su m\u00fasica. Pero, este pensamiento va a cambiar despu\u00e9s del an\u00e1lisis.<\/p>\n<p>&nbsp;<\/p>\n<p><img decoding=\"async\" class=\"alignleft\" src=\"https:\/\/spn320.mirzamperez.sites.grinnell.edu\/fall-2019\/wp-content\/uploads\/2019\/12\/2B579DE4-CD04-4EC6-9AF5-685DECA4B234-e1576474810385.jpeg\" alt=\"\" width=\"401\" height=\"256\" \/><\/p>\n<p>En nuestro an\u00e1lisis de las letras de Calle 13, usamos 5 diferentes \u00e1lbumes para demostrar si los mensajes pol\u00edticos o criticas de Calle13 se transform\u00f3 de alguna manera en lo total de su carrera musical (2005-2014). Concluimos que las letras durante este tiempo siempre hablaban sobre el orgullo puertorrique\u00f1a y las opiniones de los miembros del grupo sobre temas sociales. Porque sabemos ese contexto, se puede interpretar que la letra de iLe como artista individual puede tener rasgos de su tiempo con Calle 13. Por esto, he analizado los dos \u00e1lbumes de iLe que ha realizado desde 2016: <em>iLevitable<\/em> (2016) y <em>Almadura<\/em> (2019).<\/p>\n<p>&nbsp;<\/p>\n<p><img decoding=\"async\" class=\"alignleft\" src=\"https:\/\/spn320.mirzamperez.sites.grinnell.edu\/fall-2019\/wp-content\/uploads\/2019\/12\/Picture1-e1576474842183.png\" alt=\"\" width=\"385\" height=\"252\" \/>En Figura 1, se puede observar las palabras mas frecuentes en los dos \u00e1lbumes de iLe. Entre ellas, palabras como \u201cmi\u201d, \u201cme\u201d, y \u201caqu\u00ed\u201d son los que resaltan. Esto lo interpreto como la letra de iLe siendo m\u00e1s personal e intimo para su persona\u2014no necesariamente letra que vende f\u00e1cilmente o realiza alguna agenda por su parte hacia su audiencia. Esto podr\u00eda representar iLe alej\u00e1ndose de su reconocimiento previo con Calle 13 como el personaje \u201cPG-13\u201d y estableci\u00e9ndose como una persona nueva\u2014como iLe.<\/p>\n<blockquote>\n<h4 style=\"text-align: center;\"><span style=\"color: #ff00ff;\"><strong>Otro an\u00e1lisis qu\u00e9 hice fue comparar el texto de los dos \u00e1lbumes de iLe contra la muestra de \u00e1lbumes que se realizo con los \u00e1lbumes de Calle 13 en el proyecto original. Entre esa muestra original, nuestro grupo trat\u00f3 de encontrar t\u00e9rminos espec\u00edficos que estaban relacionados con problemas sociales como \u201ccapitalismo\u201d, \u201craza\u201d, \u201cdinero\u201d, etc\u00e9tera. De todas esas palabras que buscamos, solamente cuatro fueron encontrados en la letra de iLe: \u201cpuerto rico*\u201d, \u201cmucho*\u201d, \u201cmundo*\u201d, \u201cpoco*\u201d.<\/strong><\/span><\/h4>\n<\/blockquote>\n<p>&nbsp;<\/p>\n<p><img loading=\"lazy\" decoding=\"async\" class=\"alignright\" src=\"https:\/\/spn320.mirzamperez.sites.grinnell.edu\/fall-2019\/wp-content\/uploads\/2019\/12\/Picture2--e1576474870507.png\" alt=\"\" width=\"401\" height=\"201\" \/><\/p>\n<p>En Figura 2, se puede ver la frecuencia de esos t\u00e9rminos a lo largo de los \u00e1lbumes. Est\u00e1 claro que estas palabras no tienen las mismas cantidades como en el proyecto original y que iLe esta demostrando una letra y personaje muy distinta que sus m\u00fasicas anteriores.<br \/>\nCon estos dos an\u00e1lisis de las letras de iLe, podemos concluir que iLe, aunque ha tenido larga historia de cantar, escribir, y producir para Calle 13, experimenta con expresar sus nuevas ambiciones musicales con un sonido y letra distinta, pero con la pasi\u00f3n y amor por la m\u00fasica igual que siempre. Mi argumento y pensamiento original no fue realizado seg\u00fan la evidencia de lo que he buscado. Aunque sean artistas individuales ahora, siempre existir\u00eda el legado de Calle 13 como un grupo se\u00f1alado e ic\u00f3nico para nuestra generaci\u00f3n. La m\u00fasica de iLe, aunque no sea directamente pol\u00edtico como sus letras anteriores con Calle 13, todav\u00eda demuestra sus mensajes a trav\u00e9s de su m\u00fasica y composici\u00f3n. Esto la pone como un artista superior a lo que antes fue.<\/p>\n<p>&nbsp;<\/p>\n<p><img loading=\"lazy\" decoding=\"async\" class=\"aligncenter\" src=\"https:\/\/spn320.mirzamperez.sites.grinnell.edu\/fall-2019\/wp-content\/uploads\/2019\/12\/ile-gif.gif\" alt=\"\" width=\"495\" height=\"250\" \/><\/p>\n","protected":false},"excerpt":{"rendered":"<p>Conoces a Calle 13. Conoces a Residente. Conoces a Visitante. Pero no conoces toda la historia. Ileana Cabra, conocida como \u201ciLe\u201d, es una vocalista y compositora puertorrique\u00f1a que pas\u00f3 los primeros 10 a\u00f1os de su carrera formando parte del grupo musical Calle 13. Ella es la hermana del productor del grupo, Eduardo Cabra o \u201cVisitante\u201d, [&hellip;]<\/p>\n","protected":false},"author":16,"featured_media":0,"parent":0,"menu_order":0,"comment_status":"closed","ping_status":"closed","template":"template-nosidebar.php","meta":{"footnotes":""},"class_list":["post-164","page","type-page","status-publish","hentry","post-preview"],"_links":{"self":[{"href":"https:\/\/spn320.mirzamperez.sites.grinnell.edu\/fall-2019\/wp-json\/wp\/v2\/pages\/164","targetHints":{"allow":["GET"]}}],"collection":[{"href":"https:\/\/spn320.mirzamperez.sites.grinnell.edu\/fall-2019\/wp-json\/wp\/v2\/pages"}],"about":[{"href":"https:\/\/spn320.mirzamperez.sites.grinnell.edu\/fall-2019\/wp-json\/wp\/v2\/types\/page"}],"author":[{"embeddable":true,"href":"https:\/\/spn320.mirzamperez.sites.grinnell.edu\/fall-2019\/wp-json\/wp\/v2\/users\/16"}],"replies":[{"embeddable":true,"href":"https:\/\/spn320.mirzamperez.sites.grinnell.edu\/fall-2019\/wp-json\/wp\/v2\/comments?post=164"}],"version-history":[{"count":26,"href":"https:\/\/spn320.mirzamperez.sites.grinnell.edu\/fall-2019\/wp-json\/wp\/v2\/pages\/164\/revisions"}],"predecessor-version":[{"id":326,"href":"https:\/\/spn320.mirzamperez.sites.grinnell.edu\/fall-2019\/wp-json\/wp\/v2\/pages\/164\/revisions\/326"}],"wp:attachment":[{"href":"https:\/\/spn320.mirzamperez.sites.grinnell.edu\/fall-2019\/wp-json\/wp\/v2\/media?parent=164"}],"curies":[{"name":"wp","href":"https:\/\/api.w.org\/{rel}","templated":true}]}}

¿Quién es iLe?

<h1></h1>
<h1><img fetchpriority="high" decoding="async" class="alignright" src="https://spn320.mirzamperez.sites.grinnell.edu/fall-2019/wp-content/uploads/2019/12/ile-1-233x300.jpg" alt="" width="226" height="291" /></h1>
<blockquote>
<h1 style="text-align: right;"><span style="color: #ff00ff;"><strong>Conoces a Calle 13. Conoces a Residente. Conoces a Visitante. </strong></span><strong><span style="color: #ff00ff;">Pero no conoces toda la historia</span>.</strong></h1>
</blockquote>
<p>Ileana Cabra, conocida como “iLe”, es una vocalista y compositora puertorriqueña que pasó los primeros 10 años de su carrera formando parte del grupo musical Calle 13. Ella es la hermana del productor del grupo, Eduardo Cabra o “Visitante”, y hermanastra de rapero René Pérez o “Residente”. Su rol dentro del grupo fue lo que inspiró su carrera musical individual que explotó en 2016 con su primer álbum<em> iLevitable</em>, el cual tuvo la participación y colaboración de sus dos hermanos. En nuestro proyecto original, hemos establecido qué, al transcurso de la carrera musical de Calle 13, sus mensajes políticos o críticos de la sociedad y sus problemas son varios. En el contexto de sus álbumes, Calle 13 ha comunicado algunas críticas de problemas como el capitalismo, la pobreza, y el estado del gobierno. Entre esos mensajes, Calle 13 también ha producido sus opiniones y posiciones sobre estos temas por medio de su letra y sus representaciones audiovisuales. Porque iLe formo una parte tan intima del grupo y sus hermanos han tenido gran influencia en su música personal, yo he concluido que, de alguna forma, ella ha sido formada como artista por ser parte de Calle 13. Pienso que sus letras y canciones demostraran un efecto duradero de su tiempo con Calle 13 que sigue teniendo influencia en cómo se interpreta su música. Pero, este pensamiento va a cambiar después del análisis.</p>
<p>&nbsp;</p>
<p><img decoding="async" class="alignleft" src="https://spn320.mirzamperez.sites.grinnell.edu/fall-2019/wp-content/uploads/2019/12/2B579DE4-CD04-4EC6-9AF5-685DECA4B234-e1576474810385.jpeg" alt="" width="401" height="256" /></p>
<p>En nuestro análisis de las letras de Calle 13, usamos 5 diferentes álbumes para demostrar si los mensajes políticos o criticas de Calle13 se transformó de alguna manera en lo total de su carrera musical (2005-2014). Concluimos que las letras durante este tiempo siempre hablaban sobre el orgullo puertorriqueña y las opiniones de los miembros del grupo sobre temas sociales. Porque sabemos ese contexto, se puede interpretar que la letra de iLe como artista individual puede tener rasgos de su tiempo con Calle 13. Por esto, he analizado los dos álbumes de iLe que ha realizado desde 2016: <em>iLevitable</em> (2016) y <em>Almadura</em> (2019).</p>
<p>&nbsp;</p>
<p><img decoding="async" class="alignleft" src="https://spn320.mirzamperez.sites.grinnell.edu/fall-2019/wp-content/uploads/2019/12/Picture1-e1576474842183.png" alt="" width="385" height="252" />En Figura 1, se puede observar las palabras mas frecuentes en los dos álbumes de iLe. Entre ellas, palabras como “mi”, “me”, y “aquí” son los que resaltan. Esto lo interpreto como la letra de iLe siendo más personal e intimo para su persona—no necesariamente letra que vende fácilmente o realiza alguna agenda por su parte hacia su audiencia. Esto podría representar iLe alejándose de su reconocimiento previo con Calle 13 como el personaje “PG-13” y estableciéndose como una persona nueva—como iLe.</p>
<blockquote>
<h4 style="text-align: center;"><span style="color: #ff00ff;"><strong>Otro análisis qué hice fue comparar el texto de los dos álbumes de iLe contra la muestra de álbumes que se realizo con los álbumes de Calle 13 en el proyecto original. Entre esa muestra original, nuestro grupo trató de encontrar términos específicos que estaban relacionados con problemas sociales como “capitalismo”, “raza”, “dinero”, etcétera. De todas esas palabras que buscamos, solamente cuatro fueron encontrados en la letra de iLe: “puerto rico*”, “mucho*”, “mundo*”, “poco*”.</strong></span></h4>
</blockquote>
<p>&nbsp;</p>
<p><img loading="lazy" decoding="async" class="alignright" src="https://spn320.mirzamperez.sites.grinnell.edu/fall-2019/wp-content/uploads/2019/12/Picture2--e1576474870507.png" alt="" width="401" height="201" /></p>
<p>En Figura 2, se puede ver la frecuencia de esos términos a lo largo de los álbumes. Está claro que estas palabras no tienen las mismas cantidades como en el proyecto original y que iLe esta demostrando una letra y personaje muy distinta que sus músicas anteriores.<br />
Con estos dos análisis de las letras de iLe, podemos concluir que iLe, aunque ha tenido larga historia de cantar, escribir, y producir para Calle 13, experimenta con expresar sus nuevas ambiciones musicales con un sonido y letra distinta, pero con la pasión y amor por la música igual que siempre. Mi argumento y pensamiento original no fue realizado según la evidencia de lo que he buscado. Aunque sean artistas individuales ahora, siempre existiría el legado de Calle 13 como un grupo señalado e icónico para nuestra generación. La música de iLe, aunque no sea directamente político como sus letras anteriores con Calle 13, todavía demuestra sus mensajes a través de su música y composición. Esto la pone como un artista superior a lo que antes fue.</p>
<p>&nbsp;</p>
<p><img loading="lazy" decoding="async" class="aligncenter" src="https://spn320.mirzamperez.sites.grinnell.edu/fall-2019/wp-content/uploads/2019/12/ile-gif.gif" alt="" width="495" height="250" /></p>

<p>Conoces a Calle 13. Conoces a Residente. Conoces a Visitante. Pero no conoces toda la historia. Ileana Cabra, conocida como “iLe”, es una vocalista y compositora puertorriqueña que pasó los primeros 10 años de su carrera formando parte del grupo musical Calle 13. Ella es la hermana del productor del grupo, Eduardo Cabra o “Visitante”, [&hellip;]</p>
