{"id":99,"date":"2019-11-20T21:18:25","date_gmt":"2019-11-20T21:18:25","guid":{"rendered":"https:\/\/spn320.mirzamperez.sites.grinnell.edu\/fall-2019\/?page_id=99"},"modified":"2019-12-17T19:34:06","modified_gmt":"2019-12-17T19:34:06","slug":"test-page-eli-rose-audrey","status":"publish","type":"page","link":"https:\/\/spn320.mirzamperez.sites.grinnell.edu\/fall-2019\/test-page-eli-rose-audrey\/","title":{"rendered":"La raza en relaci\u00f3n a las \u00e9pocas de reggaet\u00f3n"},"content":{"rendered":"","protected":false},"excerpt":{"rendered":"","protected":false},"author":6,"featured_media":0,"parent":0,"menu_order":0,"comment_status":"closed","ping_status":"closed","template":"","meta":{"footnotes":""},"class_list":["post-99","page","type-page","status-publish","hentry","post-preview"],"_links":{"self":[{"href":"https:\/\/spn320.mirzamperez.sites.grinnell.edu\/fall-2019\/wp-json\/wp\/v2\/pages\/99","targetHints":{"allow":["GET"]}}],"collection":[{"href":"https:\/\/spn320.mirzamperez.sites.grinnell.edu\/fall-2019\/wp-json\/wp\/v2\/pages"}],"about":[{"href":"https:\/\/spn320.mirzamperez.sites.grinnell.edu\/fall-2019\/wp-json\/wp\/v2\/types\/page"}],"author":[{"embeddable":true,"href":"https:\/\/spn320.mirzamperez.sites.grinnell.edu\/fall-2019\/wp-json\/wp\/v2\/users\/6"}],"replies":[{"embeddable":true,"href":"https:\/\/spn320.mirzamperez.sites.grinnell.edu\/fall-2019\/wp-json\/wp\/v2\/comments?post=99"}],"version-history":[{"count":7,"href":"https:\/\/spn320.mirzamperez.sites.grinnell.edu\/fall-2019\/wp-json\/wp\/v2\/pages\/99\/revisions"}],"predecessor-version":[{"id":569,"href":"https:\/\/spn320.mirzamperez.sites.grinnell.edu\/fall-2019\/wp-json\/wp\/v2\/pages\/99\/revisions\/569"}],"wp:attachment":[{"href":"https:\/\/spn320.mirzamperez.sites.grinnell.edu\/fall-2019\/wp-json\/wp\/v2\/media?parent=99"}],"curies":[{"name":"wp","href":"https:\/\/api.w.org\/{rel}","templated":true}]}}

La raza en relación a las épocas de reggaetón
